of g(0)?
7
Let w(l) = l + 4. Let y be w(-5). What are the prime factors of (41 - y)/((-6)/(-4))?
2, 7
Suppose 2 = 5*m - 8. Let c = m - 0. Suppose 35 = c*j + 15. What are the prime factors of j?
2, 5
Let r(f) = 2*f**2 - 3*f + 2. List the prime factors of r(-3).
29
What are the prime factors of ((-32)/(-24))/(2/129)?
2, 43
Let q(w) = -w**3 - 4*w**2 - 3*w - 3. Let x be q(-3). What are the prime factors of 11 - (11 - -1)/x?
3, 5
Suppose -2*l - 3*q + 63 = 0, -q - 2*q + 36 = l. List the prime factors of l.
3
Let x be -10 + 2 - 3/3. Let k = -15 - x. Let g(b) = b**3 + 7*b**2 + 5*b - 2. What are the prime factors of g(k)?
2
Let o = 2 + 13. Suppose -5*w = y - 43, 4*y - o = -3*w + 7*y. Suppose 0 = -2*c + w - 0. What are the prime factors of c?
2
Let m be (-4)/18 - 58/(-18). Suppose 12 = m*r - 3. Suppose r + 4 = 3*z. What are the prime factors of z?
3
Let f(a) = a**2 - a - 39. List the prime factors of f(20).
11, 31
Let u(p) = 10*p**3 + p**2 - p + 1. Suppose 0 = -3*k + 3. List the prime factors of u(k).
11
Let r be (-2 + 2)*(2 + -1). Suppose 0*v - 2*z + 127 = 5*v, -5*v + z + 124 = r. What are the prime factors of v?
5
Suppose 0 = j + 2*q - 57, 2*j - 5*q = 5*j - 166. Suppose -b - j = 4*v, -b - 1 - 2 = 0. Let r(u) = -u**3 - 12*u**2 - 12*u - 1. List the prime factors of r(v).
2, 5
Suppose -5*p + 11 = -9. Suppose 0*g = -p*g + 100. Let m = -13 + g. What are the prime factors of m?
2, 3
Let b(g) = -g + 124. What are the prime factors of b(0)?
2, 31
Suppose -3*t + 760 = i, -1026 = -6*t + 2*t + 5*i. List the prime factors of t.
2, 127
Suppose 9*b - 1937 = -4*b. List the prime factors of b.
149
Suppose -126 = -4*h + 2*k, 5*h - k = -5*k + 190. List the prime factors of h.
2, 17
Suppose 0 = -7*k + 2*k + 45. List the prime factors of k.
3
Let s = 10 + -7. Suppose -v = 5*n - 8, n + 40 = -4*v + 15. Let p = s - v. What are the prime factors of p?
2, 5
Let r = -80 + 50. Let w = -14 - r. Suppose 2*g = -z + w, 0*z - z = -g - 7. What are the prime factors of z?
2, 5
Suppose -10 = -5*g + 10. Let w(p) = 6*p - 13. Let j(a) = 9*a - 20. Let f(i) = -5*j(i) + 8*w(i). List the prime factors of f(g).
2
Let m(c) = -c**3 + 4*c**2 - 2*c - 2. Let v be m(3). List the prime factors of 2/v*9/2.
3
Let h(d) = d**2 + 10*d. Let g be h(-10). Suppose g*l + 2 = l. List the prime factors of l.
2
Let x be 8*-1*4/8. Let l = x - -1. Let y = l - -8. What are the prime factors of y?
5
What are the prime factors of (-4012)/(-16) + 5/4?
2, 3, 7
Suppose -5*z + 187 = 2*o - 220, -o = -3*z + 242. List the prime factors of z.
3
Let z = -12 + 53. List the prime factors of z.
41
Let r(s) = -4*s**3 - s. Let x be r(-1). Let a(c) = c + 3. List the prime factors of a(x).
2
Suppose -2 = n - 1. List the prime factors of 4 - n/((-1)/1).
3
Let t = -90 + 273. List the prime factors of t.
3, 61
Suppose -l - 6 + 37 = 0. List the prime factors of l.
31
Let u(j) = j**3 - j**2 - j + 12. What are the prime factors of u(0)?
2, 3
Suppose 0 = -4*l - v + 764, 5*l - 955 = -6*v + 2*v. Suppose -l = -5*o - 0*a - 3*a, -5*o = -a - 183. List the prime factors of o.
37
List the prime factors of 1056/18 + (-4)/(-3).
2, 3, 5
Suppose -2*y + 4*v - 28 = 0, -y - 2*y = v + 42. List the prime factors of -1*(y/1 - -1).
13
Let a(r) = 5*r - 2. Let q(t) = -6*t + 2. Let u(p) = -3*a(p) - 2*q(p). Let v be u(4). Let l = v + 21. List the prime factors of l.
11
Let z be (-2)/3 - (-154)/(-21). Let h = z + 12. What are the prime factors of h?
2
Let h = 154 - 62. What are the prime factors of h?
2, 23
Suppose -2*l = -l - 54. Suppose 5*c - 45 - 15 = 5*a, -2*a = 4*c - l. List the prime factors of c.
13
Suppose 4*x - 10*i - 1012 = -6*i, 244 = x - 4*i. List the prime factors of x.
2
Let q = 12 - 3. Suppose m + 4*m = -4*y + 65, 5*y - q = -2*m. What are the prime factors of m?
17
Suppose -5*r + 5 = 30. Let h = r - -8. Let k(l) = l**2 - 2*l. List the prime factors of k(h).
3
Let m(t) = -38*t + 23*t + 17*t + 2. What are the prime factors of m(6)?
2, 7
Suppose -3*p + 1 = 4*o - 3, -3*o + 2*p - 14 = 0. Let g be ((-5)/o)/(-5)*-4. Suppose g*y + 24 = 5*y. What are the prime factors of y?
2
Let x be ((-1)/2)/(3/(-30)). Suppose 0 = 5*l - x*o + 5, 5*o - 28 = -l + 1. List the prime factors of l.
2
Suppose 4*n + 3 - 92 = m, -2*n + 61 = 5*m. List the prime factors of n.
23
Let b = -13 - -23. Suppose -5*c + b = -4*c. Let o = c + -6. List the prime factors of o.
2
Let z(r) = -7*r - 8. Let b(i) = 3*i + 4. Let o(x) = 9*b(x) + 4*z(x). List the prime factors of o(-4).
2
Suppose 5*j - 119 = 26. List the prime factors of j.
29
Let y be 4/(-3)*-1*36. Suppose -3*z + y = 3*k, 0*k = -3*k - 4*z + 45. What are the prime factors of k?
19
What are the prime factors of 801/27 + (-1)/(-3)?
2, 3, 5
Suppose -n + 2*n = -438. What are the prime factors of n/(-24) - 2/8?
2, 3
Suppose -148 - 22 = -5*g - 4*a, 3*a = 4*g - 105. List the prime factors of g.
2, 3, 5
Let v = -31 - -53. What are the prime factors of v?
2, 11
Suppose 2*i + a = 67, 2*a = -2*i - 3*a + 55. List the prime factors of i.
5, 7
Let r(j) = -j**2 + 19*j - 1. List the prime factors of r(9).
89
Let s(t) = 27*t**2 + t + 7. What are the prime factors of s(-2)?
113
Let m(v) = v - 2. Let c be m(6). Let l be (c/(-3))/(6/(-9)). List the prime factors of -1 + l - 1*-8.
3
Let q(k) = 56*k**3 + k**2. List the prime factors of q(1).
3, 19
Let o be 272/9 + (-6)/27. Let z be ((o/(-3))/1)/(-1). Let m = -6 + z. List the prime factors of m.
2
Suppose 3*u - 4*n = 17, 2*u + 2*u = 5*n + 21. Let r be u/3 - (-32)/6. Suppose -2*m = 4*q - 6*m - 64, 0 = -r*q + 4*m + 79. What are the prime factors of q?
3, 5
Suppose -6*o - 1 = -5*o. List the prime factors of (-15 - -4 - o)*-1.
2, 5
Let s(x) be the first derivative of -13*x**2/2 - x + 2. Let g be s(-1). Suppose 4*n = 4*v + g, 0*n = -5*v + n + 5. What are the prime factors of v?
2
Let z = 30 + -11. Suppose 0 = -3*f + z + 11. Let h = -4 + f. What are the prime factors of h?
2, 3
Let y = 4 - -1. Suppose -10 = -2*l, p + 5*l = 4*l + 20. What are the prime factors of (4/3)/(y/p)?
2
Let g(y) = -286*y**3 + y**2 - 1. List the prime factors of g(-1).
2, 11, 13
Let q(w) = -w**3 + 2*w**2 + w + 2. Let l be q(2). Let p(o) = -o**2 + 5*o + 4. Let c be p(l). List the prime factors of c/2 + 6/6.
5
Suppose 2*k + 0*u - 104 = -4*u, 0 = 3*k + 5*u - 156. Let p = -27 + k. What are the prime factors of p?
5
Let y(s) = -s**2 - 7*s + 6. Let n be y(-7). Suppose -10*d = -n*d - 112. List the prime factors of d.
2, 7
Suppose 4*n - 3*n = -2. Let v = -7 - n. What are the prime factors of (1 + 0)*(-15)/v?
3
List the prime factors of 86/14 - 7/49 - 0.
2, 3
Let a(g) = g**3 + 6. Let n(h) = -2*h**3 - 5. Let m(v) = 5*a(v) + 6*n(v). What are the prime factors of m(-1)?
7
Let m(u) = 7*u - 2. Let z be 0 + 2 - 0/2. List the prime factors of m(z).
2, 3
Let z be 2*(-2)/4 + 5. Suppose -2*q - 4 = -z*q. Suppose q*m - 30 - 10 = 0. List the prime factors of m.
2, 5
Suppose 4*y - 45 = -y. What are the prime factors of y?
3
What are the prime factors of -2 - 64/(-1 - 1)?
2, 3, 5
Let v = 130 + -44. List the prime factors of v.
2, 43
Suppose 0 = -7*c + 5*c + 44. List the prime factors of c.
2, 11
Let p(w) = w + 1. Let z be p(8). Suppose 87 = 5*j + 2*r, -4*j + 4*r = -z*j + 79. What are the prime factors of j?
19
Suppose -5*r - q + 423 = 0, -4*r = -5*q + 3*q - 330. Suppose 0 = -b - 3*a + 25, 6 = 2*b - 2*a - r. What are the prime factors of b?
2, 5
Let i = 435 + -255. List the prime factors of i.
2, 3, 5
Let l(h) = h**2 + 2*h - 1. Let y be l(-2). Let n = y - -4. What are the prime factors of n?
3
Let q(w) = w**3 - 2*w**2 - 3*w + 4. Let k be q(3). Suppose -3*p = k*h, 5 = h + 2*h + p. What are the prime factors of h?
3
Let l = -35 + 52. List the prime factors of l.
17
List the prime factors of -172*1*3/(-6).
2, 43
Suppose -5*u + 4*w + 1 = -3, 0 = -3*u - w - 1. Let k(f) = 1 - 1 - f + 1 - f**2 + 1. What are the prime factors of k(u)?
2
Let z(g) = g + 5. Let o = -8 + 3. Let b be z(o). Suppose -4*q - 4*t + 20 = b, -2*q + 5*t - 12 = -1. List the prime factors of q.
2
Let q(h) = 2*h**3 - 4*h**2 + 3*h - 1. Let c = -7 + 9. Let j be q(c). Suppose 2*g - j*o - 44 = 0, -3*g - 5*o + 15 = -26. List the prime factors of g.
17
Let w be (1 + -1 - -1)*2. Suppose 3*n - 25 = -w*n, n + 20 = -u. Let y = u + 35. List the prime factors of y.
2, 5
Let n(l) = l + 1. Let y(z) = 1. Let x(d) = 